t y be l(r). Suppose -a - 4*a = -y. What is the tens digit of a?
1
Suppose -13*o + 1494 + 1366 = 0. What is the hundreds digit of o?
2
Let u be 608/(-40)*(-5)/2. Suppose -u = -7*m + 18. What is the units digit of m?
8
Let l(m) be the first derivative of -m**3/3 - 4*m**2 + 4*m - 4. What is the tens digit of l(-7)?
1
Suppose o - 5*o + 200 = 0. Suppose q = 6*q + o. What is the units digit of (-54)/q + 2/(-5)?
5
Suppose -6 = -a + 22. What is the units digit of a?
8
Suppose -2*z + 108 = -2*v + v, v - 228 = -4*z. What is the tens digit of (-2)/7 - (-2312)/z?
4
Suppose 0 = 4*x - 35 - 45. What is the units digit of x?
0
Suppose -2*d - 8 = 2*t - 2, -21 = -d + 5*t. What is the units digit of d + (-2 - -4) - -16?
9
Suppose -5*w - 28 = -6*w + 5*c, -4*c = -w + 23. Suppose -w*n + 65 = -4*f, 3*n - f - f = 73. Suppose 4*h + n - 71 = 0. What is the units digit of h?
1
What is the tens digit of -2 - -4 - 0 - -184?
8
Let m(s) = -2*s + 1. Let o be m(-1). Let n(f) = f**3 + 5*f**2 - 7*f - 4. Let z be n(-6). Suppose z*q + 4 = 0, h - 22 = -3*h + o*q. What is the units digit of h?
4
Let g(c) = -6*c. Let f be g(-6). Let d = 12 - 9. Suppose -5*p = -5*b + 50, -3*b + f = -0*p + d*p. What is the units digit of b?
1
Let v be ((-25)/30)/((-3)/18). Suppose -v = n - 33. What is the units digit of n?
8
Let c = -3 - -8. What is the units digit of c?
5
Let d(m) = -m**2 - m - 1. Let s(o) = -5*o**2 + 4*o + 3. Let c(x) = -4*d(x) + s(x). Suppose -6*w = -4*w - 16. What is the units digit of c(w)?
7
What is the tens digit of 225/4 - (-2)/(-8)?
5
Let m(v) = -4*v - 3. Let h be m(-2). Let j be (55 - 1)/((-1)/(-1)). Suppose -h*o + 2*o + 3*r = -j, 3*o - 30 = -3*r. What is the tens digit of o?
1
What is the units digit of (4 - 1) + (2 - 0 - -36)?
1
Suppose 2*b = -2*z + 112, -2*b + 4*z = 2*z - 96. What is the units digit of b?
2
Let j be -2*(-1)/2 - -50. Suppose 6*v = 3*v + j. What is the tens digit of v?
1
Let s(c) = c**3 + 10*c**2 + 13*c - 8. What is the units digit of s(-7)?
8
Let j(x) = -x + 12. Let p be j(8). Suppose p*z + 2 = 5*z. Suppose z*f = -4 + 6. What is the units digit of f?
1
Let m = 0 + 0. Let r = m + 21. Suppose r = 2*a + a. What is the units digit of a?
7
Let d = 6 + -6. Suppose -k + 2*h = 4*h - 9, 2*k - 5*h = d. What is the units digit of k?
5
Let o(g) = -g**2 + 3 - g - 6 + 9*g**3 + 4. Suppose 5*k = 4*d + 7 + 4, 4*k - 8 = 4*d. What is the units digit of o(d)?
8
Let f be 308/21 + 2/(-3). Suppose f - 2 = h. What is the units digit of h?
2
Suppose -5*h = 25, 0 = -2*j - 2*h + 3*h + 11. Suppose 0 = -4*d - x - 0*x + 17, -4*d + 19 = j*x. Suppose 0 = -d*g + 9 + 23. What is the units digit of g?
8
Let z(j) = j**2 - j - 7. Let f be z(-6). Suppose 5*c = -0*c + f. What is the units digit of c?
7
Suppose -2*y + 4*p + 2 = -0*y, -4*p = -y + 1. Suppose 13 + y = h. What is the units digit of h?
4
Let z = 47 + 38. What is the units digit of z?
5
Let f be (-3 - -3) + -2 + -6. What is the tens digit of (2 + 140/f)*-2?
3
Let k = 9 - 0. Suppose 3*i + 24 = 4*r, 4*r - 2*i = 37 - k. Let f(c) = c**3 - 10*c**2 + 11*c - 7. What is the tens digit of f(r)?
1
Let g be (216 - -4) + 2/(-2). Let x = -131 + g. Suppose -2*v = 5*y - x, 4 = 5*y + 5*v - 81. What is the tens digit of y?
1
Let r(i) = 4*i**2 - 3*i + 3. Let t be r(4). Suppose -5*p - 3*x = -t, 0 = -4*p + 3*x + 46 - 2. What is the units digit of p?
1
Let q(d) = 2*d - 6. Suppose 2*t - 10 = -0*t. Let u be q(t). Let o = u - -2. What is the units digit of o?
6
Let p = 19 - -12. Suppose 2*f = 1 + p. What is the units digit of f?
6
Suppose 19 = 3*i - 20. Let z = i + -4. What is the units digit of z?
9
Let w(h) = h**2 - 2*h + 4. Let r(f) = -f**2 - 11*f - 8. Let m be r(-10). Suppose -4*u + m*l - 6*l + 40 = 0, 5*l = 5*u. What is the units digit of w(u)?
9
Let q(t) = -4*t + 2. Let b be q(-2). Let g = 2 + b. What is the tens digit of g?
1
Suppose w - 5*g = -4*w + 185, g = 0. What is the tens digit of w?
3
Suppose -2*q = -f + 2*f + 9, -5*f - 25 = 5*q. Let p be 4/(-1*(-1)/f). Let n(s) = s**3 + 4*s**2 - 3*s - 1. What is the units digit of n(p)?
1
Suppose -2*f - 2*p - 22 = 2*p, 4*p = 3*f - 17. Let r(x) = 12*x**3 - x**2 - 2*x - 1. Let u be r(f). Let l = -7 - u. What is the units digit of l?
5
Suppose -2*z + 63 - 11 = 0. What is the tens digit of z?
2
Suppose 9 = -l - 4*i, -6*l - 12 = -4*l + 5*i. Let c(z) be the first derivative of z**3 + z**2/2 + z - 6. What is the units digit of c(l)?
3
Suppose -2*o = -6*o - 500. Let x = -87 - o. What is the tens digit of x?
3
Let o be -4*(30/(-8))/3. Suppose 3 = -2*h - o*z - 1, 3*z = -h. Let g = h - -20. What is the units digit of g?
8
Let t(c) = c**3 - 6*c**2 + 4*c + 3. Let q be t(6). What is the units digit of 6/q + 210/27?
8
Let d(h) = -h**2 + 5*h + 5. Let x be 0 + 1 - (-8)/2. Let s be d(x). Suppose 0*r - 30 = -s*r. What is the units digit of r?
6
Let h(j) = 3*j + 2. Let a be (-52)/(-14) - (-4)/14. What is the units digit of h(a)?
4
Suppose -3*k - k + 208 = 0. What is the tens digit of k?
5
Let d be (4 - -5) + (-1)/1. Suppose -z - d = -5*z. Let k = 12 - z. What is the units digit of k?
0
Let i(r) = r**3 + 12*r**2 - 4*r - 7. What is the units digit of i(-12)?
1
Suppose 0 = -10*b - 181 + 1091. What is the tens digit of b?
9
Let a(g) = g**2 - 7*g + 3. Let j(u) = -u**2 + 7*u - 3. Let b(t) = -5*a(t) - 4*j(t). Suppose 9 - 87 = -13*d. What is the units digit of b(d)?
3
Let l(u) = -u**2 + 11*u + 9. Let q(m) = m + 4. Let r be q(-7). Let n be -11*(-3 + (-6)/r). What is the units digit of l(n)?
9
Suppose 0 = -5*l + 12 - 2. Let k be 10*(l + -1)/1. Suppose -5*w - k = -6*w. What is the units digit of w?
0
Let t = 1 + -3. Let z be (t/3)/(2/(-18)). Suppose -4*k - x + 13 = -z, -k = -x - 11. What is the units digit of k?
6
Let g = 140 + -69. What is the tens digit of g?
7
Suppose -3*d = -21 - 15. Suppose 3*f = -4*v - 12, -2*f + v = -3*v - d. What is the units digit of f + -3*(-21)/9?
7
Suppose -4*i - i + 175 = 0. What is the tens digit of i?
3
Suppose -84 - 231 = -5*f. What is the tens digit of f?
6
Let g(h) be the second derivative of h**3/6 + 17*h**2/2 + 3*h. What is the units digit of g(-12)?
5
Let s be (-3)/(6*(-3)/(-12)). Let o = 3 + s. What is the units digit of o?
1
Let n(x) = -x - 4. Let m be n(4). Suppose 0 = -2*f + 9 + 13. Let q = m + f. What is the units digit of q?
3
Let k = 1030 - 698. What is the tens digit of k?
3
Let k(b) be the third derivative of -3*b**4/8 - b**3/6 + b**2. What is the tens digit of k(-3)?
2
Suppose 3*a + 2*o = 26, -4*o = 4*a - 0 - 28. What is the units digit of a?
2
Let v(g) = -g**3 + 4*g**2 + g. Let o be v(4). Let k(h) = h**3 - 3*h**2 - 2*h + 4. What is the tens digit of k(o)?
1
Let p(c) = 0 - 1 - c - 4*c + 7*c. What is the units digit of p(1)?
1
Let f(l) = 26*l**2 - 1. Let c be f(-1). Let p be c/4 - (-6)/8. Let z = -4 + p. What is the units digit of z?
3
Suppose -p = -4*r - 43, -4*p + p + 3*r = -93. What is the tens digit of p?
2
Suppose y + 8 = 2*y + 5*i, y + 3*i = 8. What is the units digit of y?
8
Suppose -18 = 3*o - 285. What is the units digit of o?
9
Let k(n) be the first derivative of -n**3/3 + 7*n**2 - 9*n + 6. What is the units digit of k(9)?
6
Suppose -4*o - o + 560 = 0. Suppose 0 - o = -4*u. Suppose -5*a - u + 83 = 0. What is the tens digit of a?
1
Suppose -6*w + 3*w - 3*o = -135, -4*w + o = -170. What is the tens digit of w?
4
Suppose 4*p = i, 4*i - p - 60 - 15 = 0. What is the tens digit of i?
2
Suppose 2*a = -x + 696, -4*a - 7*x + 1404 = -2*x. What is the tens digit of a?
4
Let h(y) = -17*y + 2. What is the units digit of h(-2)?
6
Suppose 3*l + 5 = -t, 5*t + 43 = 3*l - 0*l. Let d = t - -4. What is the units digit of -1 + d/(2 + -4)?
1
Let h = -5 + 37. What is the units digit of h?
2
Let c be 4 + -4 - 56/(-2). Let f be 2/(2 - c/15). What is the units digit of 84/10 + (-6)/f?
8
Suppose -d + 3*f - 94 = 4*d, 0 = -d + 4*f - 12. What is the units digit of (0 - (-5)/(-2))*d?
0
Let d = -1 + 5. Suppose d*z = -z - 50. What is the units digit of ((-8)/z)/2*5?
2
Suppose 0 = -5*o + 12*o - 308. What is the tens digit of o?
4
Suppose 4*v = o - 266, -2*o - 7*v = -6*v - 514. What is the tens digit of o?
5
Let a = 51 - 29. What is the units digit of a?
2
Let y(k) = -k**2 - 8*k - 17. Let b be y(-3). Let w(n) = 4 - 1 - 1 - 8*n. What is the units digit of w(b)?
8
Let q(n) = n**2 - 5*n + 1. Let x be q(4). Let i be